*3 - 61*d**2 + 302*d - 451. Calculate p(55).
-1991
Let q(f) = f**2 + 93*f + 392. Calculate q(-83).
-438
Let p(b) = -178*b**2 + 15492*b - 501. Calculate p(87).
21
Let r(u) = 1191*u + 101398. Give r(-85).
163
Let d(a) = -a**2 - 4846*a + 97306. Give d(20).
-14
Let f(s) = 839662*s + 1679323. Determine f(-2).
-1
Let x(z) = 2*z**3 + 1207*z**2 + 1820*z + 8433. Give x(-602).
5
Let x(b) = b**3 - 323*b**2 + 542*b - 70813. What is x(322)?
27
Let r(n) = -34*n**2 - 562*n - 561. Calculate r(-1).
-33
Let y(b) = -334*b + 14033. What is y(43)?
-329
Let x(m) = -61*m + 5850. Determine x(95).
55
Let s(l) = -159*l**2 - 1564*l + 183. What is s(-10)?
-77
Let c(d) = -124*d - 8714. What is c(-48)?
-2762
Let y(q) = -78*q - 5062. Give y(-56).
-694
Let q(u) = -6226*u + 37350. What is q(6)?
-6
Let b(j) = -23*j**3 + 3*j**2 + 2710*j - 5435. Calculate b(2).
-187
Let a(o) = -o**2 + 1170*o + 275569. What is a(-201)?
-2
Let y(v) = -v**3 - 217*v**2 - 2001*v - 26826. Calculate y(-208).
6
Let c(z) = 344*z**2 + 4481*z + 114. Determine c(-13).
-3
Let g(o) = -412181*o + 3709619. What is g(9)?
-10
Let p(o) = -2*o**2 - 494*o - 3454. Calculate p(-240).
-94
Let k(y) = y**3 - 56*y**2 - 100*y + 2057. What is k(57)?
-394
Let q(s) = -2*s**2 - 136*s + 14723. Give q(72).
-5437
Let m(b) = 35626*b - 1104418. Calculate m(31).
-12
Let s(z) = 4*z**3 + 36*z**2 - 168*z + 70. Calculate s(4).
230
Let v(o) = 2*o**2 + 1345*o + 164058. Calculate v(-160).
58
Let m(s) = -2*s**2 - 239679*s + 10549744. What is m(44)?
-4
Let f(r) = -337*r - 138527. Determine f(-411).
-20
Let q(r) = 560*r + 26863. Calculate q(-48).
-17
Let t(f) = -96929*f + 387750. Give t(4).
34
Let h(k) = 2*k**3 - 12*k**2 + 15*k + 36. Give h(4).
32
Let l(n) = -121*n + 1272. Give l(13).
-301
Let a(p) = -23*p**2 + 699*p - 252. Give a(30).
18
Let k(u) = 688*u**2 + 5490*u - 99. What is k(-8)?
13
Let m(w) = -2*w**3 + 116*w**2 - 138*w + 1629. Calculate m(57).
261
Let l(r) = -4*r**3 - 8*r**2 + 19*r - 72. Calculate l(-4).
-20
Let q(h) = 445*h**2 - 48503*h - 207. Calculate q(109).
11
Let g(v) = 15740*v + 21894352. Determine g(-1391).
12
Let n(h) = -h**3 + 11*h**2 - 60*h - 54. Give n(13).
-1172
Let b(k) = 4519*k + 94719. What is b(-21)?
-180
Let f(g) = -2*g**2 + 10*g - 60. Calculate f(24).
-972
Let v(x) = 860*x + 5144. Calculate v(-6).
-16
Let c(o) = -136*o + 1353. Give c(21).
-1503
Let b(h) = -h**2 - 44*h + 6797. What is b(63)?
56
Let n(y) = y**3 - 5*y**2 - 22857*y + 91438. Determine n(4).
-6
Let w(g) = -5866*g + 64899. Determine w(11).
373
Let b(g) = 3*g**2 + 524*g + 41. Calculate b(0).
41
Let o(h) = 67*h**2 + 642*h + 643. Determine o(-1).
68
Let i(a) = 4*a**3 - 48*a**2 - 431*a + 1546. Determine i(17).
-1
Let j(z) = -5*z**3 + 13*z**2 + 18*z - 56. Calculate j(7).
-1008
Let f(v) = -34*v**2 - 528*v - 526. Determine f(-14).
202
Let g(f) = -293*f - 3330. Determine g(-9).
-693
Let o(h) = -2*h**3 - 24*h**2 - 3327*h - 43566. Determine o(-13).
23
Let u(g) = g**3 - 16*g**2 - 172*g + 1396. Determine u(6).
4
Let q(y) = 2*y**3 - 5*y**2 - 487*y - 67. Calculate q(17).
35
Let g(p) = -271*p + 634. Determine g(3).
-179
Let c(a) = -a**3 + 7*a**2 + 8301*a - 82731. Determine c(10).
-21
Let m(o) = 1931*o - 88573. Determine m(46).
253
Let r(w) = -8*w**3 + 7*w**2 + 40*w - 271. What is r(4)?
-511
Let y(h) = h**3 - 429*h**2 - 10388*h - 3741. Calculate y(452).
-125
Let k(n) = -16*n**2 - 164*n + 10453. What is k(21)?
-47
Let b(n) = 26*n**2 - 303*n + 620. Calculate b(9).
-1
Let g(d) = d**2 + 27916*d - 670552. Calculate g(24).
8
Let m(l) = 4*l**2 - 4747*l + 1349210. Give m(715).
5
Let k(b) = -b**3 - 11*b**2 - 22*b + 108. Calculate k(-11).
350
Let t(x) = -640*x**2 + 10866*x + 98. Give t(17).
-140
Let u(m) = -5*m**3 - 27*m**2 - 112*m - 26. Determine u(-9).
2440
Let h(n) = -1464*n + 25784. Give h(18).
-568
Let i(b) = -231*b - 6041. What is i(-25)?
-266
Let h(q) = -2*q**2 + 4656*q + 98661. What is h(-21)?
3
Let h(u) = 312*u - 30000. Give h(91).
-1608
Let f(u) = -7671*u - 91508. Determine f(-12).
544
Let f(o) = -3*o**2 - 533*o - 11652. What is f(-155)?
-1112
Let j(f) = 150*f**2 + 2545*f - 134. What is j(-17)?
-49
Let m(z) = -2*z**3 + 371*z**2 + 1521*z - 115. Give m(-4).
-135
Let d(b) = -6*b**2 + 2209*b - 11233. Give d(363).
20
Let h(b) = b**2 - 27781*b + 166645. Give h(6).
-5
Let m(d) = 4884*d + 107740. Give m(-22).
292
Let z(u) = u**3 - 10*u**2 - 133*u + 1216. Give z(12).
-92
Let a(c) = -64530*c - 2387613. Give a(-37).
-3
Let y(p) = -361793*p + 4341513. Determine y(12).
-3
Let h(f) = 1884*f + 109125. Calculate h(-57).
1737
Let s(j) = -16*j**2 + 320*j + 4466. What is s(28)?
882
Let p(t) = t**2 - 38*t - 1305. Determine p(-22).
15
Let d(v) = -4*v**3 + 5*v**2 + 5358*v + 10704. Calculate d(-2).
40
Let l(z) = -4*z**2 + 72357*z - 506286. Calculate l(7).
17
Let g(z) = 403888*z - 20194391. What is g(50)?
9
Let o(s) = -70*s**2 - 8079*s + 87788. Give o(10).
-2
Let j(i) = 12*i**3 + 85*i**2 + 85*i - 134. Calculate j(-3).
52
Let s(m) = -5*m**3 - 812*m**2 - 11974*m - 299. Calculate s(-146).
-7
Let r(g) = 19*g**2 - 206*g + 510. Determine r(4).
-10
Let y(n) = n**2 - 3218*n - 64742. Determine y(-20).
18
Let g(c) = -4*c**2 - 35674*c - 142661. Give g(-4).
-29
Let n(f) = -76*f**2 + 1308*f - 3921. Calculate n(3).
-681
Let i(b) = -6977*b - 877. Calculate i(-1).
6100
Let f(i) = -3*i**2 - 54*i + 73. Give f(-14).
241
Let h(f) = 10316*f + 351045. Determine h(-34).
301
Let q(b) = 249195*b - 15948473. What is q(64)?
7
Let w(u) = -u**3 - 14*u**2 - 88*u - 2. What is w(0)?
-2
Let r(m) = 6*m**2 - 21264*m + 106211. Determine r(5).
41
Let c(q) = -31*q**3 - 3*q**2 - 13*q - 19. What is c(4)?
-2103
Let m(i) = i**3 + 28*i**2 - 15*i - 13. What is m(-29)?
-419
Let l(s) = s**3 + 54*s**2 - 1800*s - 94519. What is l(-56)?
9
Let p(j) = -2*j**3 + 378*j**2 - 377*j + 387. Calculate p(188).
199
Let b(d) = 2*d**3 + 91*d**2 + 237*d + 9107. Calculate b(-45).
467
Let l(p) = -p**3 + 67*p**2 - 44*p - 5399. Calculate l(65).
191
Let s(q) = -18597*q + 1283194. Determine s(69).
1
Let h(g) = g**3 + 3854*g**2 - 3851*g - 4. Give h(1).
0
Let y(w) = -42*w**2 - 74*w - 9. Determine y(-4).
-385
Let n(o) = 15645*o + 31368. Give n(-2).
78
Let t(l) = -3*l**2 + 89*l + 185. Calculate t(36).
-499
Let f(x) = x**3 + x**2 - 138*x - 1508. Give f(15).
22
Let k(r) = -r**3 + 18*r**2 - 3629*r + 42679. Give k(12).
-5
Let n(z) = -z**3 - 106*z**2 + 104*z + 196. Calculate n(-107).
517
Let a(v) = -41921*v + 293451. Give a(7).
4
Let v(q) = -4*q**3 + 11*q**2 - 2189*q + 6578. Calculate v(3).
2
Let r(l) = -260*l + 49305. Give r(183).
1725
Let v(k) = -k**3 + 60*k**2 - 750*k - 2. Determine v(17).
-325
Let p(b) = 1584843*b - 28527181. Give p(18).
-7
Let a(n) = -3*n**3 - 11*n**2 - 347*n - 2359. Calculate a(-7).
560
Let g(a) = -407*a + 22808. Calculate g(56).
16
Let a(m) = 657*m - 183646. Calculate a(280).
314
Let c(l) = -8013*l - 32041. Calculate c(-4).
11
Let r(a) = -2*a**3 + 72*a**2 + 536*a + 2848. What is r(43)?
10
Let j(g) = 512*g - 23874. Calculate j(49).
1214
Let w(f) = -315*f - 389. Determine w(-1).
-74
Let x(i) = 1051*i + 8887. What is x(-9)?
-572
Let t(l) = -18416*l + 313063. Calculate t(17).
-9
Let k(v) = 4845*v + 6342134. Calculate k(-1309).
29
Let c(s) = -167*s + 15241. Determine c(93).
-290
Let h(n) = 9795*n - 58604. Give h(6).
166
Let d(f) = -11*f**2 - 172*f - 1000. Determine d(-6).
-364
Let d(y) = y**2 - 86*y - 13020. Determine d(165).
15
Let n(r) = 27*r**2 - 623*r - 10139. Give n(-11).
-19
Let g(x) = 2277*x**2 + 209487*x + 263. Determine g(-92).
-13
Let q(u) = 4*u**3 + 9*u**2 + 279*u + 789. Give q(-3).
-75
Let h(x) = -142803*x - 142819. What is h(-1)?
-16
Let r(g) = -69*g**2 + 162*g + 422. What is r(4)?
-34
Let t(y) = -9*y**2 - 213*y - 629. Give t(-3).
-71
Let p(m) = 7755*m + 2326521. Give p(-300).
21
Let b(j) = j**2 - 31926*j - 319383. Determine b(-10).
-23
Let v(q) = -q**2 + 2594*q - 610992. What is v(262)?
-8
Let o(f) = 17513*f - 315232. Determine o(18).
2
Let v(c) = 32466*c - 681793. Determine v(21).
-7
Let j(t) = 9*t**2 + 1506*t + 31943. Give j(-25).
-82
Let z(u) = -86*u**3 - 338*u**2 - 27*u - 124. Calculate z(-4).
80
Let g(s) = -2*s**2 - 2222*s + 13405. What is g(6)?
1
Let q(l) = -l**3 + 43*l**2 + 50*l - 97. Calculate q(44).
167
Let w(g) = 7*g**3 - 27*g**2 + 140*g - 650. Calculate w(5).
250
Let m(o) = -87673*o - 964346. Calculate m(-11).
57
Let u(m) 